e greatest common divisor of 454 and 26.
2
Calculate the highest common factor of 62080 and 190.
10
What is the highest common divisor of 39816 and 72?
72
What is the highest common divisor of 640731 and 84?
21
What is the highest common factor of 616482 and 144?
18
Calculate the greatest common divisor of 100430 and 33.
11
Calculate the highest common divisor of 458 and 5725.
229
Calculate the highest common factor of 2154 and 179859.
1077
What is the highest common factor of 117 and 295828?
13
Calculate the greatest common factor of 13 and 36439.
13
What is the highest common factor of 55 and 14839?
11
Calculate the highest common divisor of 746627 and 7.
7
Calculate the greatest common divisor of 1395620 and 248.
124
Calculate the highest common divisor of 1252 and 4.
4
Calculate the greatest common factor of 3402 and 5292.
378
What is the highest common divisor of 307304 and 107?
107
What is the highest common factor of 30442 and 62?
62
Calculate the highest common divisor of 8914 and 2.
2
What is the greatest common divisor of 4668 and 6636?
12
What is the greatest common factor of 175 and 35575?
25
Calculate the greatest common factor of 62 and 9654082.
62
Calculate the highest common factor of 66500 and 425.
25
What is the greatest common factor of 18224 and 6298?
134
What is the greatest common divisor of 47160 and 21?
3
What is the highest common divisor of 3547 and 2?
1
What is the greatest common factor of 14432 and 5207?
41
What is the greatest common factor of 169524 and 119?
17
What is the greatest common divisor of 6216924 and 1764?
588
What is the greatest common divisor of 14150 and 90?
10
What is the highest common divisor of 432510 and 1560?
390
Calculate the greatest common factor of 13319 and 57.
19
Calculate the greatest common factor of 121380 and 2261.
119
What is the highest common divisor of 4576 and 94237?
143
Calculate the greatest common divisor of 1136 and 439774.
142
Calculate the greatest common divisor of 58630 and 3280.
410
What is the highest common factor of 1229760 and 126?
126
Calculate the greatest common factor of 85744 and 63143.
233
Calculate the highest common divisor of 25571 and 1729.
91
What is the greatest common divisor of 5 and 8571785?
5
Calculate the highest common factor of 100965 and 18285.
795
Calculate the highest common divisor of 9 and 19056.
3
What is the greatest common factor of 16 and 140436?
4
What is the highest common divisor of 420 and 253540?
140
Calculate the highest common factor of 35808 and 744.
24
Calculate the highest common factor of 318 and 366654.
318
Calculate the greatest common divisor of 7340 and 6239.
367
Calculate the greatest common divisor of 819 and 94731.
273
What is the highest common divisor of 1254 and 11894?
38
What is the highest common factor of 5858017 and 11?
11
What is the highest common divisor of 16440 and 7056?
24
What is the highest common factor of 1365 and 10?
5
What is the highest common divisor of 3082 and 567490?
134
What is the highest common factor of 172 and 5978548?
172
What is the greatest common factor of 49579 and 387?
43
Calculate the highest common factor of 1030329 and 7185.
1437
Calculate the highest common factor of 589 and 25517.
19
Calculate the greatest common factor of 77 and 314171.
11
What is the greatest common divisor of 534 and 6586?
178
Calculate the highest common divisor of 1234 and 352307.
617
Calculate the greatest common factor of 218 and 209716.
218
What is the highest common factor of 157846 and 1868?
934
What is the greatest common divisor of 1567691 and 1507?
137
What is the highest common factor of 468 and 49194?
18
Calculate the highest common factor of 4585 and 5600.
35
What is the highest common divisor of 13923 and 280917?
819
What is the greatest common factor of 129152 and 128?
128
Calculate the greatest common factor of 336 and 2210040.
168
What is the greatest common factor of 13326 and 12?
6
Calculate the highest common divisor of 40 and 3240.
40
What is the highest common factor of 65107 and 66598?
497
Calculate the greatest common factor of 27425 and 50.
25
What is the greatest common divisor of 26010 and 270?
90
Calculate the highest common factor of 2835977 and 73.
73
Calculate the highest common divisor of 43304 and 4.
4
Calculate the highest common factor of 518 and 2840453.
259
What is the highest common factor of 1904 and 3856?
16
What is the greatest common divisor of 34 and 119969?
17
What is the highest common factor of 16 and 1100?
4
What is the highest common factor of 54145 and 49?
49
What is the highest common divisor of 697 and 108814?
41
What is the greatest common divisor of 8577 and 837?
9
Calculate the greatest common divisor of 89 and 524.
1
Calculate the highest common factor of 88724 and 164.
164
Calculate the highest common factor of 121390 and 7320.
610
What is the highest common divisor of 95296 and 56?
8
Calculate the highest common factor of 4308 and 2136.
12
What is the greatest common divisor of 20 and 157940?
20
Calculate the greatest common divisor of 46 and 1110463.
23
What is the greatest common factor of 18642 and 15?
3
Calculate the greatest common divisor of 51457 and 28.
7
Calculate the greatest common divisor of 9545 and 920.
115
What is the greatest common divisor of 216248 and 8?
8
Calculate the greatest common divisor of 20 and 64870.
10
Calculate the highest common factor of 459 and 189210.
51
Calculate the highest common factor of 526352 and 871.
67
Calculate the highest common factor of 57084 and 9916.
268
Calculate the highest common divisor of 5207950 and 1700.
850
Calculate the greatest common divisor of 495 and 4680.
45
What is the greatest common divisor of 2294923 and 97?
97
What is the greatest common factor of 9737260 and 4?
4
Calculate the highest common factor of 21600 and 2320.
80
Calculate the highest common divisor of 32265 and 54.
27
What is the greatest common divisor of 405664 and 336?
112
What is the highest common factor of 555 and 10680?
15
Calculate the highest common divisor of 100671 and 2.
1
Calculate the highest common factor of 52419 and 519.
519
What is the greatest common factor of 185 and 2162465?
185
What is the greatest common divisor of 60 and 5782860?
60
Calculate the highest common divisor of 1446 and 50.
2
What is the highest common divisor of 98800 and 2000?
400
What is the highest common divisor of 24336 and 12337?
169
What is the greatest common factor of 144613 and 4088?
511
What is the greatest common divisor of 1748 and 4140?
92
What is the greatest common divisor of 11223 and 4176?
261
Calculate the greatest common factor of 2080 and 2336.
32
What is the highest common factor of 272 and 15536?
16
Calculate the highest common factor of 42362 and 354.
118
Calculate the greatest common divisor of 4142 and 3078.
38
What is the highest common factor of 4179 and 1974?
21
What is the highest common divisor of 108 and 49116?
12
Calculate the highest common factor of 11102 and 5252.
26
Calculate the highest common divisor of 7 and 1577989.
7
Calculate the greatest common factor of 18 and 25962.
6
Calculate the greatest common factor of 1832549 and 746.
373
What is the highest common factor of 9429 and 28?
7
Calculate the highest common divisor of 255 and 3508205.
85
Calculate the greatest common divisor of 129 and 374487.
129
What is the greatest common divisor of 13248 and 7866?
414
What is the highest common factor of 16 and 49012?
4
Calculate the highest common factor of 13012 and 44.
4
Calculate the greatest common factor of 978 and 84.
6
What is the highest common factor of 15609 and 3311?
473
Calculate the highest common divisor of 3339256 and 664.
664
What is the highest common divisor of 9234 and 35478?
486
Calculate the highest common divisor of 2691 and 72.
9
Calculate the highest common divisor of 194 and 603146.
194
Calculate the greatest common divisor of 368 and 3572.
4
Calculate the greatest common factor of 189718 and 319.
29
What is the greatest common divisor of 449 and 132904?
449
Calculate the highest common divisor of 5614 and 12334.
14
Calculate the greatest common factor of 130 and 6371170.
130
Calculate the greatest common factor of 1913541 and 21.
21
What is the greatest common factor of 1377 and 